{"id":664,"date":"2022-10-31T18:30:27","date_gmt":"2022-10-31T17:30:27","guid":{"rendered":"https:\/\/langlaufplus.michaelwuttke.ch\/?page_id=664"},"modified":"2022-11-17T14:25:36","modified_gmt":"2022-11-17T13:25:36","slug":"team-langlauf","status":"publish","type":"page","link":"https:\/\/langlaufplus.ch\/index.php\/das-neue-museum-oeffnet-seine-tueren-2\/roger-portrait\/team-langlauf\/","title":{"rendered":"Team Langlauf"},"content":{"rendered":"        <div class=\"breadcrumb-container theme5\">\r\n                    <ol>\r\n                    <\/ol>\r\n            <script type=\"application\/ld+json\">\r\n        {\r\n            \"@context\": \"http:\/\/schema.org\",\r\n            \"@type\": \"BreadcrumbList\",\r\n            \"itemListElement\":\r\n            [\r\n                            ]\r\n        }\r\n    <\/script>\r\n        <style type=\"text\/css\">\r\n        .breadcrumb-container {\r\n            font-size: 13px;\r\n        }\r\n        .breadcrumb-container ul {\r\n            margin: 0;\r\n            padding: 0;\r\n        }\r\n        .breadcrumb-container li {\r\n            box-sizing: unset;\r\n            display: inline-block;\r\n            margin: 0;\r\n            padding: 0;\r\n        }\r\n        .breadcrumb-container li a {\r\n            box-sizing: unset;\r\n            padding: 0 10px;\r\n        }\r\n        .breadcrumb-container {\r\n            font-size:   !important;\r\n            padding: ;\r\n            margin: ;\r\n        }\r\n        .breadcrumb-container li a{\r\n            color:    !important;\r\n            font-size:    !important;\r\n            line-height:    !important;\r\n        }\r\n        .breadcrumb-container li .separator {\r\n            color:   !important;\r\n            font-size:    !important;\r\n        }\r\n                    .breadcrumb-container li:last-child .separator {\r\n                display: none;\r\n            }\r\n                <\/style>\r\n        <style type=\"text\/css\">\r\n        .breadcrumb-container.theme5 li {\r\n            display: inline-block;\r\n            margin: 0 14px;\r\n            padding: 0;\r\n        }\r\n\r\n        .breadcrumb-container.theme5 a {\r\n            background: ;\r\n            color: rgb(102, 102, 102);\r\n            display: inline-block;\r\n            font-size: 14px;\r\n            height: 16px;\r\n            margin: 0;\r\n            padding: 5px 10px;\r\n            text-decoration: none;\r\n            position:relative;\r\n        }\r\n\r\n        .breadcrumb-container.theme5 a::before {\r\n            -moz-border-bottom-colors: none;\r\n            -moz-border-left-colors: none;\r\n            -moz-border-right-colors: none;\r\n            -moz-border-top-colors: none;\r\n            border-color:    rgba(0, 0, 0, 0);\r\n            border-image: none;\r\n            border-style: solid;\r\n            border-width: 13px;\r\n            content: \" \";\r\n            display: block;\r\n            height: 0;\r\n            left: -18px;\r\n            position: absolute;\r\n            top: 0;\r\n            width: 0;\r\n        }\r\n        .breadcrumb-container.theme5 a::after {\r\n            -moz-border-bottom-colors: none;\r\n            -moz-border-left-colors: none;\r\n            -moz-border-right-colors: none;\r\n            -moz-border-top-colors: none;\r\n            border-color: rgba(0, 0, 0, 0) rgba(0, 0, 0, 0) rgba(0, 0, 0, 0) ;\r\n            border-image: none;\r\n            border-style: solid;\r\n            border-width: 13px;\r\n            content: \" \";\r\n            display: inline-block;\r\n            height: 0;\r\n            line-height: 0;\r\n            position: absolute;\r\n            right: -26px;\r\n            top: 0;\r\n            width: 0;\r\n        }\r\n\r\n        .breadcrumb-container.theme5 .separator {\r\n            display: none;\r\n        }\r\n\r\n    <\/style>\r\n        <style type=\"text\/css\">\r\n        .breadcrumb-container{}\r\n.breadcrumb-container ul{}\r\n.breadcrumb-container li{}\r\n.breadcrumb-container a{}\r\n.breadcrumb-container .separator{}\r\n    <\/style>\r\n    <script>\r\n            <\/script>\r\n            <\/div>\r\n        \n\n\n\n<h2 data-wp-editing=\"1\">Roger Grimm<\/h2>\n\n\n<div class=\"wp-block-image\">\n<figure class=\"alignright size-large is-resized\"><img loading=\"lazy\" decoding=\"async\" src=\"https:\/\/langlaufplus.ch\/wp-content\/uploads\/2022\/10\/Portrait-Roger-768x1024.jpg\" alt=\"\" class=\"wp-image-106\" width=\"192\" height=\"256\"\/><\/figure>\n<\/div>\n\n\n<p>Seit 1996 lebe ich mit meiner Familie in der wundersch\u00f6nen Region Einsiedeln.<br \/>Ich habe das Gl\u00fcck, dass die sch\u00f6nsten Loipen praktisch vor meiner Haust\u00fcre starten.<br \/>Ob mit Skating oder Klassisch Ski, ich liebe es auf den schmalen Latten durch die verschneite Winterlandschaft zu gleiten.<br \/>Nach einem Langlauftag f\u00fchle ich mich vital, ausgeglichen und gl\u00fccklich.<\/p>\n<p><strong>meine Motivation<\/strong><\/p>\n<p>Ich unterrichte mit grosser Freude und Leidenschaft.<br \/>Eine erfolgreiche Lektion ist f\u00fcr mich dann gegeben, wenn der Gast f\u00fcr sich einen Fortschritt erkennt und ich die Faszination am Langlaufsport vermitteln kann.<br \/>Wie wir das erreichen, dass finden wir am besten gemeinsam im <a href=\"\/?page_id=265\">Langlaufunterricht<\/a> heraus\u2026<br \/><br \/><strong>meine Unterrichtserfahrungen<\/strong><\/p>\n<p>Ich habe bereits einige Jahre Erfahrung mit Gruppen- \/ Privatunterricht und Training mit Kindern und Jugendlichen:<\/p>\n<ul>\n<li>seit 2015 bei <a href=\"https:\/\/www.schaad-nordicsports.ch\/langlaufschule-kurse-team\" target=\"_blank\" rel=\"noopener\">Schaad Nordic Sports<\/a> in Studen (SZ)<\/li>\n<li>seit 2018 bei der <a href=\"https:\/\/sssow.ch\/\" target=\"_blank\" rel=\"noopener\">Schweizer Skischule in Oberwald<\/a> (VS)<\/li>\n<li>seit 2018 mit der JO vom <a href=\"http:\/\/www.skiclubeinsiedeln.ch\/langlauf_biathlon\/uebersicht.html\" target=\"_blank\" rel=\"noopener\">Skiclub Einsiedeln<\/a><\/li>\n<\/ul>\n<p><strong>\u00a0<\/strong><strong>meine Ausbildungen<\/strong><\/p>\n<ul>\n<li>Schneesportlehrer mit eidg. Fachausweis (2015 \u2013 2021)<\/li>\n<li>Ausbilder (Erwachsenenbildung)mit eidg. Fachausweis (2006 \u2013 2010)<\/li>\n<li>J + S Leiter Skilanglauf (2017)<\/li>\n<li>J + S Leiter Ski (2001)<\/li>\n<\/ul>\n<p>\u00a0<\/p>\n","protected":false},"excerpt":{"rendered":"<p>Roger Grimm Seit 1996 lebe ich mit meiner Familie in der wundersch\u00f6nen Region Einsiedeln.Ich habe das Gl\u00fcck, dass die sch\u00f6nsten Loipen praktisch vor meiner Haust\u00fcre starten.Ob mit Skating oder Klassisch Ski, ich liebe es auf den schmalen Latten durch die verschneite Winterlandschaft zu gleiten.Nach einem Langlauftag f\u00fchle ich mich vital, ausgeglichen und gl\u00fccklich. meine Motivation &hellip; <\/p>\n<p class=\"link-more\"><a href=\"https:\/\/langlaufplus.ch\/index.php\/das-neue-museum-oeffnet-seine-tueren-2\/roger-portrait\/team-langlauf\/\" class=\"more-link\"><span class=\"screen-reader-text\">&#171;Team Langlauf&#187;<\/span> weiterlesen<\/a><\/p>\n","protected":false},"author":1,"featured_media":0,"parent":13,"menu_order":0,"comment_status":"closed","ping_status":"closed","template":"","meta":{"footnotes":""},"class_list":["post-664","page","type-page","status-publish","hentry"],"_links":{"self":[{"href":"https:\/\/langlaufplus.ch\/index.php\/wp-json\/wp\/v2\/pages\/664","targetHints":{"allow":["GET"]}}],"collection":[{"href":"https:\/\/langlaufplus.ch\/index.php\/wp-json\/wp\/v2\/pages"}],"about":[{"href":"https:\/\/langlaufplus.ch\/index.php\/wp-json\/wp\/v2\/types\/page"}],"author":[{"embeddable":true,"href":"https:\/\/langlaufplus.ch\/index.php\/wp-json\/wp\/v2\/users\/1"}],"replies":[{"embeddable":true,"href":"https:\/\/langlaufplus.ch\/index.php\/wp-json\/wp\/v2\/comments?post=664"}],"version-history":[{"count":19,"href":"https:\/\/langlaufplus.ch\/index.php\/wp-json\/wp\/v2\/pages\/664\/revisions"}],"predecessor-version":[{"id":754,"href":"https:\/\/langlaufplus.ch\/index.php\/wp-json\/wp\/v2\/pages\/664\/revisions\/754"}],"up":[{"embeddable":true,"href":"https:\/\/langlaufplus.ch\/index.php\/wp-json\/wp\/v2\/pages\/13"}],"wp:attachment":[{"href":"https:\/\/langlaufplus.ch\/index.php\/wp-json\/wp\/v2\/media?parent=664"}],"curies":[{"name":"wp","href":"https:\/\/api.w.org\/{rel}","templated":true}]}}