{"id":12,"date":"2022-10-01T18:10:27","date_gmt":"2022-10-01T16:10:27","guid":{"rendered":"https:\/\/langlaufplus.ch\/?page_id=12"},"modified":"2022-11-19T19:57:13","modified_gmt":"2022-11-19T18:57:13","slug":"das-neue-museum-oeffnet-seine-tueren-2","status":"publish","type":"page","link":"https:\/\/langlaufplus.ch\/","title":{"rendered":"langlaufplus.ch"},"content":{"rendered":"        <div class=\"breadcrumb-container theme5\">\r\n                    <ol>\r\n                    <\/ol>\r\n            <script type=\"application\/ld+json\">\r\n        {\r\n            \"@context\": \"http:\/\/schema.org\",\r\n            \"@type\": \"BreadcrumbList\",\r\n            \"itemListElement\":\r\n            [\r\n                            ]\r\n        }\r\n    <\/script>\r\n        <style type=\"text\/css\">\r\n        .breadcrumb-container {\r\n            font-size: 13px;\r\n        }\r\n        .breadcrumb-container ul {\r\n            margin: 0;\r\n            padding: 0;\r\n        }\r\n        .breadcrumb-container li {\r\n            box-sizing: unset;\r\n            display: inline-block;\r\n            margin: 0;\r\n            padding: 0;\r\n        }\r\n        .breadcrumb-container li a {\r\n            box-sizing: unset;\r\n            padding: 0 10px;\r\n        }\r\n        .breadcrumb-container {\r\n            font-size:   !important;\r\n            padding: ;\r\n            margin: ;\r\n        }\r\n        .breadcrumb-container li a{\r\n            color:    !important;\r\n            font-size:    !important;\r\n            line-height:    !important;\r\n        }\r\n        .breadcrumb-container li .separator {\r\n            color:   !important;\r\n            font-size:    !important;\r\n        }\r\n                    .breadcrumb-container li:last-child .separator {\r\n                display: none;\r\n            }\r\n                <\/style>\r\n        <style type=\"text\/css\">\r\n        .breadcrumb-container.theme5 li {\r\n            display: inline-block;\r\n            margin: 0 14px;\r\n            padding: 0;\r\n        }\r\n\r\n        .breadcrumb-container.theme5 a {\r\n            background: ;\r\n            color: rgb(102, 102, 102);\r\n            display: inline-block;\r\n            font-size: 14px;\r\n            height: 16px;\r\n            margin: 0;\r\n            padding: 5px 10px;\r\n            text-decoration: none;\r\n            position:relative;\r\n        }\r\n\r\n        .breadcrumb-container.theme5 a::before {\r\n            -moz-border-bottom-colors: none;\r\n            -moz-border-left-colors: none;\r\n            -moz-border-right-colors: none;\r\n            -moz-border-top-colors: none;\r\n            border-color:    rgba(0, 0, 0, 0);\r\n            border-image: none;\r\n            border-style: solid;\r\n            border-width: 13px;\r\n            content: \" \";\r\n            display: block;\r\n            height: 0;\r\n            left: -18px;\r\n            position: absolute;\r\n            top: 0;\r\n            width: 0;\r\n        }\r\n        .breadcrumb-container.theme5 a::after {\r\n            -moz-border-bottom-colors: none;\r\n            -moz-border-left-colors: none;\r\n            -moz-border-right-colors: none;\r\n            -moz-border-top-colors: none;\r\n            border-color: rgba(0, 0, 0, 0) rgba(0, 0, 0, 0) rgba(0, 0, 0, 0) ;\r\n            border-image: none;\r\n            border-style: solid;\r\n            border-width: 13px;\r\n            content: \" \";\r\n            display: inline-block;\r\n            height: 0;\r\n            line-height: 0;\r\n            position: absolute;\r\n            right: -26px;\r\n            top: 0;\r\n            width: 0;\r\n        }\r\n\r\n        .breadcrumb-container.theme5 .separator {\r\n            display: none;\r\n        }\r\n\r\n    <\/style>\r\n        <style type=\"text\/css\">\r\n        .breadcrumb-container{}\r\n.breadcrumb-container ul{}\r\n.breadcrumb-container li{}\r\n.breadcrumb-container a{}\r\n.breadcrumb-container .separator{}\r\n    <\/style>\r\n    <script>\r\n            <\/script>\r\n            <\/div>\r\n        \n\n\n\n<div class=\"wp-block-columns alignwide is-layout-flex wp-container-core-columns-is-layout-9d6595d7 wp-block-columns-is-layout-flex\">\n<div class=\"wp-block-column is-layout-flow wp-block-column-is-layout-flow\" style=\"flex-basis:66.66%\">\n<p><strong>Faszination Langlauf<\/strong><\/p>\n\n\n\n<p>Ob in der klassischen oder in der freien Technik (Skating), es ist ein unbeschreiblich sch\u00f6nes Gef\u00fchl durch die<br>verschneite Winterlandschaft zu gleiten. <br>Im Rhythmus mit dem Atem, mit der am Gel\u00e4nde angepassten Schrittart \u00fcber den Schnee zu gleiten. K\u00f6rper und Geist sind Eins mit der Natur, das Gef\u00fchl im \u00abFlow\u00bb zu sein, stellt sich ein.<\/p>\n\n\n\n<p>Damit du die Faszination ebenfalls erleben kannst ben\u00f6tigt es folgende <a href=\"\/index.php\/langlaufunterricht---voraussetzungen\/\">Voraussetzungen<\/a>.<\/p>\n\n\n\n<p><strong>Langlaufunterricht meine Motivation<\/strong><\/p>\n\n\n\n<p>Ich unterrichte mit grosser Freude und Leidenschaft.<br>Eine erfolgreiche Lektion ist dann f\u00fcr mich gegeben, wenn der Gast einen Fortschritt erkennt<br>und ich die Faszination am Langlaufsport vermitteln kann.<\/p>\n\n\n\n<p>Wie wir das erreichen, das finden wir am besten gemeinsam im <a href=\"\/?page_id=265\">Langlaufunterricht<\/a> heraus\u2026<br><br><strong>Kursort<\/strong><br>Wir unterrichten in den sch\u00f6nsten Langlaufgebieten der Zentral Schweiz.<\/p>\n\n\n\n<ul class=\"wp-block-list\">\n<li>Einsiedeln \u2013 <a rel=\"noreferrer noopener\" href=\"https:\/\/www.schwedentritt.ch\/langlauf-einsiedeln-loipenzustand-news\" target=\"_blank\">Schwedentritt <\/a>\/ <a rel=\"noreferrer noopener\" href=\"https:\/\/loipe-bolzberg.ch\/loipen\/\" target=\"_blank\">Bolzberg<\/a><\/li>\n\n\n\n<li><a rel=\"noreferrer noopener\" href=\"https:\/\/www.studen-sz.ch\/\" target=\"_blank\">Studen\/Ybrig<\/a><\/li>\n\n\n\n<li>Rothenthurm &#8211; <a href=\"http:\/\/www.finnenloipe.ch\/loipen\/\" target=\"_blank\" rel=\"noreferrer noopener\">Finnenloipe<\/a><\/li>\n<\/ul>\n\n\n\n<p>Bei Schneemangel weichen wir auf Gebiete mit guten Loipenbedingungen aus.<\/p>\n\n\n\n<ul class=\"wp-block-list\">\n<li>Goms Oberwallis &#8211;<a href=\"https:\/\/www.goms.ch\/langlauf#ov=winter_alpine&amp;zc=13,8.26318,46.48823\" target=\"_blank\" rel=\"noreferrer noopener\"> Loipe Goms<\/a><\/li>\n<\/ul>\n\n\n\n<p><\/p>\n<\/div>\n\n\n\n<div class=\"wp-block-column is-layout-flow wp-block-column-is-layout-flow\" style=\"flex-basis:33.33%\">\n<figure class=\"wp-block-image size-large\"><img loading=\"lazy\" decoding=\"async\" width=\"549\" height=\"1024\" src=\"https:\/\/langlaufplus.michaelwuttke.ch\/wp-content\/uploads\/2022\/10\/Baum-Hochvormat-549x1024.jpg\" alt=\"\" class=\"wp-image-638\" srcset=\"https:\/\/langlaufplus.ch\/wp-content\/uploads\/2022\/10\/Baum-Hochvormat-549x1024.jpg 549w, https:\/\/langlaufplus.ch\/wp-content\/uploads\/2022\/10\/Baum-Hochvormat-161x300.jpg 161w, https:\/\/langlaufplus.ch\/wp-content\/uploads\/2022\/10\/Baum-Hochvormat-768x1432.jpg 768w, https:\/\/langlaufplus.ch\/wp-content\/uploads\/2022\/10\/Baum-Hochvormat-824x1536.jpg 824w, https:\/\/langlaufplus.ch\/wp-content\/uploads\/2022\/10\/Baum-Hochvormat-1099x2048.jpg 1099w, https:\/\/langlaufplus.ch\/wp-content\/uploads\/2022\/10\/Baum-Hochvormat-scaled.jpg 1373w\" sizes=\"auto, (max-width: 549px) 100vw, 549px\" \/><\/figure>\n<\/div>\n<\/div>\n\n\n\n<figure class=\"wp-block-gallery alignwide has-nested-images columns-default is-cropped wp-block-gallery-1 is-layout-flex wp-block-gallery-is-layout-flex\"><\/figure>\n","protected":false},"excerpt":{"rendered":"<p>Faszination Langlauf Ob in der klassischen oder in der freien Technik (Skating), es ist ein unbeschreiblich sch\u00f6nes Gef\u00fchl durch dieverschneite Winterlandschaft zu gleiten. Im Rhythmus mit dem Atem, mit der am Gel\u00e4nde angepassten Schrittart \u00fcber den Schnee zu gleiten. K\u00f6rper und Geist sind Eins mit der Natur, das Gef\u00fchl im \u00abFlow\u00bb zu sein, stellt sich &hellip; <\/p>\n<p class=\"link-more\"><a href=\"https:\/\/langlaufplus.ch\/\" class=\"more-link\"><span class=\"screen-reader-text\">&#171;langlaufplus.ch&#187;<\/span> weiterlesen<\/a><\/p>\n","protected":false},"author":1,"featured_media":0,"parent":0,"menu_order":0,"comment_status":"closed","ping_status":"closed","template":"","meta":{"footnotes":""},"class_list":["post-12","page","type-page","status-publish","hentry"],"_links":{"self":[{"href":"https:\/\/langlaufplus.ch\/index.php\/wp-json\/wp\/v2\/pages\/12","targetHints":{"allow":["GET"]}}],"collection":[{"href":"https:\/\/langlaufplus.ch\/index.php\/wp-json\/wp\/v2\/pages"}],"about":[{"href":"https:\/\/langlaufplus.ch\/index.php\/wp-json\/wp\/v2\/types\/page"}],"author":[{"embeddable":true,"href":"https:\/\/langlaufplus.ch\/index.php\/wp-json\/wp\/v2\/users\/1"}],"replies":[{"embeddable":true,"href":"https:\/\/langlaufplus.ch\/index.php\/wp-json\/wp\/v2\/comments?post=12"}],"version-history":[{"count":26,"href":"https:\/\/langlaufplus.ch\/index.php\/wp-json\/wp\/v2\/pages\/12\/revisions"}],"predecessor-version":[{"id":757,"href":"https:\/\/langlaufplus.ch\/index.php\/wp-json\/wp\/v2\/pages\/12\/revisions\/757"}],"wp:attachment":[{"href":"https:\/\/langlaufplus.ch\/index.php\/wp-json\/wp\/v2\/media?parent=12"}],"curies":[{"name":"wp","href":"https:\/\/api.w.org\/{rel}","templated":true}]}}